 + -5?
1
What is (-2 - (-2 - 1 - -3)) + 3?
1
What is the value of (2 - 1) + -4 + (5 - -3)?
5
Calculate 0 + (11 - 9) + -7.
-5
Calculate -6 + 1 + -3 + 4.
-4
Calculate (0 - 3) + 1 + 1 - -2.
1
What is the value of -6 + 5 - (-3 + -1)?
3
What is the value of (17 - 8) + (1 - 6)?
4
What is the value of 4 + -8 - (7 - (4 + 3))?
-4
-31 + 2 + 12 + 14
-3
14 + -9 + (8 - (6 - -2))
5
Calculate 0 - (2 - 16 - -9).
5
Calculate (14 - 0 - 2 - 4) + -5.
3
8 - (-6 - -14) - 0
0
Calculate (2 - -2) + 2 - 3.
3
What is (26 - 27) + (2 - (-1 + 0))?
2
What is the value of 5 - (0 + 3) - (0 - 1)?
3
-1 + 2 - 2 - (0 + 3)
-4
What is the value of -1 + 6 - (0 + (2 - 1))?
4
Calculate (-2 - (1 - 4)) + 6 + -4.
3
What is 5 - ((1 - 4) + 3) - 2?
3
What is the value of -1 + (4 - (12 - 6))?
-3
(27 - 23) + (-3 - 5)
-4
Evaluate 1 - 0 - 1 - (8 + -12).
4
What is 0 + 0 + 0 + -4 + 2?
-2
Calculate 11 - 5 - (1 + 1).
4
What is the value of 2 - (-2 - (-2 - (-4 - -3)))?
3
-2 - 11 - (3 - 12)
-4
What is (16 + -11 - 2) + 0 + -3?
0
What is -14 - (4 - 9 - (-6 + 9))?
-6
What is 8 + 2 + -5 - 8?
-3
(1 - 1 - 2) + -2
-4
What is the value of (-7 - (-16 - -17)) + 1 + 14?
7
What is 44 + -43 - (6 - 1)?
-4
What is 2 + (-2 - 3) - -10?
7
Calculate -2 + (0 + -1 - (3 - 2)).
-4
What is 9 + -5 - (6 + (5 - 3))?
-4
What is the value of -81 - -80 - (-1 - -1)?
-1
Evaluate 8 + 3 + -12 + 8.
7
Evaluate -5 + 3 + 4 + 3.
5
Evaluate (-2 - (-1 - 5)) + (-1 - -1).
4
(3 - (-1 + -1)) + 0
5
Calculate 1 - (11 + -7 + -7).
4
-2 + -2 + 3 - -2 - 1
0
Calculate 4 + -2 + 2 + (-3 - -1).
2
What is 5 + -2 + -4 + 3?
2
What is the value of 4 + 1 + (4 - (-2 - -6))?
5
Evaluate (-4 - -5 - 4) + 1.
-2
(19 - (9 - -3)) + -2
5
Evaluate 0 + 8 + -6 + 0 + 4.
6
What is the value of -5 + 1 + (-25 - -30)?
1
Calculate -5 + 4 - (-5 - -6).
-2
-3 - (2 + 2) - -2 - -11
6
What is the value of -2 + 2 + (4 - 6 - -6)?
4
Calculate (7 - (4 - 0) - 11) + 4.
-4
What is the value of 2 + 0 + -4 + 3?
1
-5 + -9 + 6 + -4 + 10
-2
What is 2 - 5 - (-3 + (6 - 1))?
-5
What is the value of 5 + (-11 - (6 - 10))?
-2
What is the value of (4 - 2 - 5) + 0 + 0?
-3
What is the value of -1 + -7 + 8 - 6?
-6
Evaluate 6 - (4 + -1) - (-2 - -2).
3
Calculate (4 - (-5 + 1 + 6)) + 4.
6
Evaluate -3 + (-10 + 4 - -8) + 0.
-1
Calculate 5 - (-6 - (-7 + (7 - 13))).
-2
What is 1 + 7 - 11 - (1 - 6)?
2
-2 + (-1 - (4 - 13)) - 3
3
-7 - -7 - (-2 - (-4 + 5))
3
What is the value of (-4 - 0) + (-10 + 4 - -7)?
-3
Evaluate -1 - (1 - 6) - 5.
-1
What is the value of 1 + -6 + 0 - (-10 + 10)?
-5
Evaluate -3 - (-5 - -8) - -11.
5
Calculate 7 + -1 + 10 + -16.
0
What is the value of (2 - 14 - -3 - -2) + 2?
-5
Evaluate 4 - (-2 - (-5 + -5)) - -4.
0
7 + -3 - ((-3 - -5) + -2)
4
Evaluate 2 + 0 + -4 + 5.
3
Evaluate 7 - (27 - 5) - -9.
-6
Calculate -5 + -1 - (-28 + 24).
-2
Calculate (-12 - -3) + 11 + 0.
2
What is the value of 3 - (1 - (5 + -3))?
4
Calculate 3 + (-1 - (-4 + 3)) + 2.
5
(1 - 12) + 15 + (0 - 2)
2
What is (154 - 155) + (1 - 0)?
0
Evaluate -75 + 55 - (-11 - 2).
-7
What is (2 - 9) + 10 - (0 - -1)?
2
What is the value of (6 - (7 + 0)) + -3?
-4
What is 3 + -3 + (3 - (-3 - -2))?
4
0 + 1 + -5 - (-4 + -1)
1
What is 5 - (-2 + -2 + 14)?
-5
16 + -5 + 3 + -6 + -14
-6
What is -4 - (6 + 0) - (-3 + -2)?
-5
Calculate -1 - 3 - (20 - 20).
-4
What is -74 + 72 + 1 + 0 + 3?
2
Calculate -3 + 4 + -1 - -3.
3
Calculate -3 - (-4 - (4 + -2)) - 4.
-1
What is -4 - ((-6 - -11) + (-5 - -1))?
-5
Evaluate 5 + 3 + -4 + -1.
3
What is (-1 - 1) + 4 + -3?
-1
What is the value of 3 + -2 + 5 + (-4 - -1)?
3
-5 - (1 + 1 + -5)
-2
-48 + 49 + (0 - 2 - 2)
-3
Calculate 1 - (1 - (-2 - -2)) - -3.
3
0 + 1 + -6 - -11
6
What is the value of 0 + -5 + 1 - -2?
-2
What is 12 + -14 - (-3 + 3)?
-2
Calculate -2 + 10 + (-25 - -17).
0
Calculate 11 + -3 + -3 + 1 - -5.
11
What is 4 - (2 + -4 - (-1 + -6))?
-1
-5 + 1 + 2 + (-4 - -10)
4
What is -2 + 0 + 8 - 8?
-2
Calculate (2 - 1) + (-7 - (-9 - -5)).
-2
What is (-5 - -6 - 3 - -1) + -1?
-2
Calculate -1 - (-6 + -4 + 8).
1
What is -6 + 12 + -3 + -1 + -5?
-3
Evaluate (-2 - -4) + -7 + 10.
5
Evaluate (3 - -5) + 6 + -12.
2
What is 3 - (-3 - -6) - -5?
5
What is the value of (2 - (1 + 3)) + (5 - 4)?
-1
Evaluate 2 - 0 - (2 - -1 - 2).
1
What is the value of -9 + 3 - -3 - (-9 - 0)?
6
Evaluate 6 + -2 + (3 - (2 + 4)).
1
Evaluate -6 + 2 + (-2 - -10).
4
(-4 - -9) + 1 + -3 + -3
0
Calculate -10 - (-2 + -11) - -3.
6
6 - (4 - 3 - (3 + -2))
6
What is 0 - 0 - (5 - (3 - 4))?
-6
What is the value of (2 - (1 - 3)) + -1 + -3?
0
Calculate -1 - (-6 - (-8 + 6)).
3
What is 73 + -68 + 1 + 0 + -5?
1
Calculate 9 + (-3 - 8) + -5.
-7
Calculate (0 - 2) + (5 - 1 - -2).
4
Evaluate -2 - (7 - (14 - (16 - 8))).
-3
5 + (-9 - 3) + 8
1
4 - (0 - (2 + 5))
11
Evaluate (6 - (-18 - -11)) + -11.
2
-1 - (0 + (0 - -3 - 3))
-1
-2 - -3 - -2 - (-2 - -5)
0
What is the value of 15 + (8 - (16 + -1))?
8
(-1 - -3) + 1 + 0 + -6
-3
What is the value of 1 - ((-2 - -5) + -4)?
2
2 - ((0 - 2) + 0 + 5)
-1
What is -7 - (-15 - (-5 - 6))?
-3
3 + -1 - 1 - (-12 + 13)
0
16 + -14 + 7 + -1 + -2
6
(2 - (7 + -5)) + 1 + -4
-3
What is -4 + (4 - (-2 - 4 - -2))?
4
Calculate (3 - 11) + (-7 - -6 - -5).
-4
What is the value of 5 + 4 + (-3 - 10)?
-4
(1 - 6 - (33 - 38)) + 8
8
Calculate (-1 - -5 - 2 - -3) + -3.
2
4 + (-2 - -5 - 2 - 10)
-5
Evaluate 1 - (-9 - -12) - (2 - 7).
3
Evaluate -2 + (-3 - -5) - (-2 - -3).
-1
What is the value of 2 - 2 - (13 + -5)?
-8
What is the value of 2 + -7 - (19 - 24)?
0
What is -10 + (-14 - -13) + 12?
1
Calculate 10 + (0 - 0) + -13.
-3
Evaluate 2 + (-5 - (-11 + -1)) + -1.
8
Evaluate -9 + (4 - 14 - -19).
0
What is 6 + 2 + -10 + -2?
-4
Calculate 5 - (1 + -6 + (4 - -11)).
-5
What is the value of 2 - (11 + -6) - -4?
1
What is the value of -8 - (-18 + (9 - 7))?
8
-5 + (-4 - -9) + 0
0
What is the value of 21 - 10 - (-2 - -6)?
7
Calculate (7 - 3) + (-1 - -1) + -6.
-2
-12 - (-15 + 3 + 2)
-2
What is (-1 - (-1 - (4 - 0))) + -3?
1
Calculate 2 + -3 - (1 - 0).
-2
Calculate -4 - (-5 + -1) - -2.
4
Evaluate 4 + -1 - 10 - -2.
-5
Evaluate -3 + 2 + -1 + (6 - 3).
1
(-3 - (-24 - -11)) + -1 + -3
6
Evaluate (-2 - -17) + (-2 - 6).
7
What is the value of 0 + 2 - (1 + -3 + 3)?
1
What is -2 + 4 + -7 + 5 + -6?
-6
Evaluate -6 - (-2 + -1) - 0.
-3
6 + 1 + (-1 - (-4 - -5))
5
Evaluate -4 - -12 - 10 - -8.
6
Calculate 3 - (1 + -8 + 12).
-2
Calculate 4 - -1 - 1 - 6.
-2
What is the value of -21 - -18 - (-4 - 2)?
3
-4 + -8 + 9 + 10
7
What is the value of 2 + -4 + (6 - 10)?
-6
129 + -136 + (-1 - (-1 - 10))
3
Calculate -1 - (-2 + -1 + 0 + 1).
1
Evaluate -6 + 11 + (-7 - -5).
3
Calculate (3 - -8) + -7 - (1 - -4).
-1
What is 17 - 5 - 4 - 3?
5
What is (6 - 5) + (-2 - 3)?
-4
What is (-8 - (1 - -3)) + 9?
-3
14 - (-6 + -6 + 23)
3
What is -2 + (3 - (-8 + -2 + 6))?
5
Evaluate 2 - 0 - (5 + 1 + 0).
-4
4 + (0 + -1 - (-8 + 6))
5
Calculate 2 + -8 + 7 + -3 + 8.
6
(-1 - -11) + (-150 - -134)
-6
Calculate -1 - 8 - (-12 + -1 - -9).
-5
What is -3 + 0 - (0 + -1)?
-2
5 + -2 + (8 - 11)
0
-7 + (49 - 51 - (1 + -8))
-2
Evaluate 6 + (1 + -6 - -2).
3
Calculate 3 - (3 - -4) - -6.
2
Evaluate (6 - (5 + -7)) + -8.
0
-3 + 2 - (-14 - -6)
7
What is the value of (-6 - -1) + (138 - 138)?
-5
-1 + 1 + (4 - (5 + -3))
2
Evaluate -2 + 2 + 1 - (-3 + 0).
4
What is -5 + -1 + -45 + 48?
-3
Calculate -1 + 5 + -6 + 4.
2
What is 5 - 3 - 3 - 3?
-4
Calculate 4 + (-1 - 2 - (-13 + 11)).
3
What is -2 - -3 - (-7 - (-3 - 0))?
5
Evaluate (2 - (0 + -3)) + 5 + -5.
5
Calculate 5 - (0 - -3 - 0).
2
-3 + (-7 + 13 - -3)
6
3 + -4 + 5 - 6
-2
Calculate 1 + (1 - 7) + 8.
3
What is 4 + 5 + -9 + -2?
-2
-13 - (10 - (35 - 13))
-1
-6 - ((-1 - -10 - 17) + 7)
-5
Calculate -2 + 5 - (-4 + 0 + 3).
4
-1 + -3 + (2 - 2)
-4
Evaluate -1 + (-3 - -7) + (3 - 9).
-3
Calculate -2 + (4 + 0 - (-2 - -9)).
-5
Calculate 8 - 2 - 3 - (0 - -4).
-1
Evaluate 8 + -8 + (-4 - 0).
-4
What is the value of (1 - (14 + (-10 - -2))) + 0?
-5
What is 2 - (3 + (-1 + -4 - -4))?
0
Calculate -7 - (1 + -8) - 5.
-5
What is 4 + 4 + -6 - (2 - 2)?
2
What is -2 - 4 - (5 + -12)?
1
Calculate (-1 - (20 + -8)) + 11.
-2
What is the value of -14 + -3 + 6 + 6?
-5
What is the value of (8 - -9) + -6 - 6?
5
What is the value of -1 + 1 + (-7 - -12)?
5
What is the value of 49 + -52 + -1 + 0 + 0?
-4
What is 2 - (3 + -1) - 4?
-4
2 - 1 - (-1 + 7)
-5
Calculate 5 + -2 + 1 + -2.
2
Evaluate -1 + 5 + -8 - -3.
-1
What is the value of -3 + (6 - 1 - 3) + 5?
4
-2 + 0 + -9 